remainder when p is divided by 26?
17
Suppose -n - 17 = -5*k, 3*n + 23 = 5*k - 8. Let z be 3*n/(63/(-24)). What is the remainder when 25 is divided by (4 + (-44)/z)*-6?
7
Let k(f) = -30*f - 157. Let g(q) = 20*q**2 + 2*q - 1. What is the remainder when k(-8) is divided by g(1)?
20
Suppose 200 = g + 3*g. Suppose -5*f + g = -5*y, -5*f + 0*y + y + 66 = 0. Calculate the remainder when f is divided by 5.
4
Let z be 20/15 + (-1)/3. Suppose 0 = 4*j - 191 - z. Suppose -j = -3*g + 24. What is the remainder when 94 is divided by g?
22
Let a(q) = 18*q + 2. Let k(l) = -l**3 + 13*l**2 + 15*l - 12. Let g be k(14). What is the remainder when a(g) is divided by 10?
8
Let f(v) = -v**3 + 2 - 6*v - 20*v**2 + 31*v**2 + 0. Let k(c) = -c**3 - 3*c + 5. Calculate the remainder when k(-4) is divided by f(10).
39
Suppose -18 = -4*n - 2. Suppose -5*v = -n*a - 9, 11 + 4 = 5*a - v. Suppose -a*t + 50 = t. What is the remainder when 27 is divided by t?
7
Let r(x) = 13*x - 2. Let f be 22/(-77) + (-32)/(-14). Let d = -36 - -107. What is the remainder when d is divided by r(f)?
23
Suppose -70 + 35 = -5*l. Calculate the remainder when 108 is divided by l.
3
Let l = -192 - -221. What is the remainder when l is divided by 15?
14
Suppose -3432 = -2486*a + 2474*a. Calculate the remainder when a is divided by 30.
16
Suppose -148*s + 144*s = -48. Let z = 25 - -9. Let j = -13 + z. Calculate the remainder when j is divided by s.
9
Suppose 2*m + 2*m - 64 = 0. Suppose -m*k = -15*k - 68. Let g = 48 - 24. What is the remainder when k is divided by g?
20
Let f be (2*-145)/(-5) + 2. Let v = f - 33. What is the remainder when 96 is divided by v?
15
Let b(i) = 31*i**3 - i**2 - 4*i + 5. What is the remainder when b(1) is divided by 4?
3
Let l(h) = -h**3 - 37*h**2 - 74*h - 6. Calculate the remainder when l(-35) is divided by 32.
6
Let r(h) = h + 9. Let j(o) = -o**2 + o + 184. Let k be j(0). Let b be k/16 + (-2)/(-4). Calculate the remainder when 40 is divided by r(b).
19
Suppose -s = w + 18, -2*w + 0*w - 5*s - 36 = 0. What is the remainder when (-824)/w - (-28)/126 is divided by 12?
10
Suppose -35 = -11*f + 10*f. Let x(w) = -5*w - 49. What is the remainder when f is divided by x(-11)?
5
Suppose 0*c = -c + 4. Let m(r) = -8*r + 3. Let k(d) = -7*d + 2. Let j(i) = -6*k(i) + 5*m(i). What is the remainder when j(4) is divided by c?
3
Let d(v) be the second derivative of v**5/30 - v**4/2 - v**3 + 2*v. Let m(k) be the second derivative of d(k). What is the remainder when m(9) is divided by 13?
11
Suppose -2*j + 21 = -5*n - 4*j, 5*j = -2*n - 21. What is the remainder when 4*((-45)/12)/n is divided by 1?
0
Let s(v) = 4*v**2 - 32*v + 81. Calculate the remainder when s(10) is divided by 11.
7
Suppose -4*j + 1434 = -0*j - 2*v, 3*v - 697 = -2*j. Suppose 5*y + 2*r = -96 + j, y - 5*r - 52 = 0. Calculate the remainder when 206 is divided by y.
50
Let h(y) = y**3 + 4*y**2 - 2*y + 2. Let w be ((-1)/(-3))/((-8)/96). What is the remainder when h(w) is divided by 6?
4
Let q be (-2)/(-4)*4/2*3. Suppose 2*y + 5*b = 22, 0*b - 51 = -q*y - 3*b. What is the remainder when 62 is divided by y?
20
Let z(w) = 2*w**3 - 3*w**2 + 3*w - 3. Let u be 224/104 - 2/13. Calculate the remainder when 12 is divided by z(u).
5
Let s = 522 - 309. Let i = s - 104. What is the remainder when i is divided by 28?
25
Let p be (2 - 115/40) + 1/(-8). What is the remainder when 4 is divided by 3/(14/8 + p/4)?
0
Let a = 12 - 7. Suppose t = a*c - 122, 0*t = t + 2. What is the remainder when c is divided by 14?
10
Let t = 22 - 9. Let d be 2/(-8) - t/(-4). Suppose -4*l + d*l + 9 = 0. Calculate the remainder when 25 is divided by l.
7
Calculate the remainder when 270 is divided by 3/51 + (-800)/(-272).
0
Suppose -4*m - 12 = -7*m. Suppose 0*v + 20 = 4*v, 3*p - v = 34. Suppose 5*c = 6*c - p. Calculate the remainder when c is divided by m.
1
Let o(d) = d**2 - 6*d + 8. Let v be 195/21 - 4/14. Let c be o(v). Calculate the remainder when 33 is divided by ((-12)/7)/((-5)/c).
9
Suppose 0 = -2*q + 4*j - 6, 5*q - 4*j = -j - 8. Let h = 63 + -87. What is the remainder when 42 is divided by ((-3)/q)/((-8)/h)?
6
Suppose 3*f + 2*f - 150 = 0. Let t be (744/(-20))/((-9)/f). Suppose 4*s - t = 88. Calculate the remainder when s is divided by 14.
11
Let f = 442 - 364. What is the remainder when f is divided by 41?
37
What is the remainder when 417 is divided by 3 + (-20)/(-10) - -3*11?
37
Let w = 30 - 22. Suppose -5*m = -w*m + 42. Suppose 0 = 3*h + 5*f - 113, h - 207 = -4*h + f. Calculate the remainder when h is divided by m.
13
What is the remainder when 107 is divided by (11/9 - 52/234) + 26?
26
Suppose -3*h = c - 2*h - 9, 5*h = -c + 17. Let u = 307 - 302. What is the remainder when c is divided by u?
2
Suppose 708 = 60*y - y. Suppose -z = -2*g - 45, g = 2*z + 6*g - 45. Calculate the remainder when z is divided by y.
11
Suppose 6*m + 9*m = 135. What is the remainder when 144 is divided by m?
0
Suppose 2*u - 3*u = -4. Suppose -3*b + 5*h + 16 = 0, -b + 2*h = -0*b - u. What is the remainder when (-7 + (4 - (138 + 0)))/(-3) is divided by b?
11
Suppose 3*g + 4 + 11 = 0. Let j(c) = -c**3 - 5*c**2 - c - 3. Let n be j(g). Suppose -25 = -n*q - 1. What is the remainder when 35 is divided by q?
11
Let u be (-5 - (-655)/20)/((-6)/(-16)). Suppose 28 = 3*y - u. Suppose c = 3*d - 198, -3*d + 2*d + 3*c = -66. What is the remainder when d is divided by y?
32
Let f be (-3352)/(-40) + (-2)/(-10). Suppose -3*b + 0*b + f = 0. Suppose l - b = -l. Calculate the remainder when l is divided by 8.
6
Let m = 11 - -5. Let d(k) = k**2 - 3*k + 4. Let o be d(-4). Suppose 3*j - o = 106. What is the remainder when j is divided by m?
14
Suppose 0 = 4*t + j + 104 + 10, 122 = -4*t + 3*j. Let y = t + 75. What is the remainder when 226 is divided by y?
42
Suppose -3*x = -d + 34, 92 = 3*d - 5*x + x. Suppose -2*g - 2*g = -24. Calculate the remainder when d is divided by g.
4
Let z be 249*(2/6 + 0). Suppose 2*v - 2*k = -76, -2*v + 4*k - 44 = -v. Let l = z + v. What is the remainder when l is divided by 16?
15
Let a = -23 - -38. Let p = -6 - -11. Suppose 2*z - 5*o = 53, 3*z - 3 = -p*o + 139. Calculate the remainder when z is divided by a.
9
Suppose 2*s = 3 - 11. Let h be 10 - 5*s/(-10). Suppose -85 = -5*w - g, -5*w + 3*g - h + 93 = 0. What is the remainder when w is divided by 10?
7
Suppose -2*c + 37 = -5*v, -4*c - 4*v + 45 + 15 = 0. Let h be -2*1/4*90. Let b = h + 92. Calculate the remainder when b is divided by c.
15
Let p(g) = -g**3 + 34*g**2 - 114*g - 61. What is the remainder when p(30) is divided by 27?
11
Let z(f) = -f**3 + 5*f**2 - 3*f - 1. Let x be z(4). Suppose -7*q = -x*q. Let v(o) = -2*o + 13. What is the remainder when 64 is divided by v(q)?
12
Let i = -541 - -931. Let b = -231 + i. What is the remainder when b is divided by 16?
15
Let g = -1997 + 2013. What is the remainder when 248 is divided by g?
8
What is the remainder when 61 is divided by (-104)/12*(-48)/8?
9
Let i(d) = d**2 - 2*d + 77. Let t(j) = 2*j - 16. Let p be t(8). What is the remainder when i(p) is divided by 16?
13
Let k(f) = -f**2 - 11*f + 1. Let y(b) be the third derivative of -b**4/12 + b**3/6 + 4*b**2. Let s be y(3). What is the remainder when k(s) is divided by 8?
7
Calculate the remainder when 17 is divided by 196/13 - (-47)/(-611).
2
Let s(i) = -i**2 + 3*i + 2. Let t be s(7). Let u(j) = j**3 - 4*j**2 + 9*j - 7. Let r be u(3). Let f = r - t. Calculate the remainder when f is divided by 8.
5
Suppose 6*d - 3*d - 213 = 0. Suppose 3*f + 3*h + h = 54, f = 4*h + 18. Calculate the remainder when d is divided by f.
17
Let a(x) = 10*x**2 + 17*x + 27. What is the remainder when a(-4) is divided by 111?
8
Let n(p) = 2 - 3 + p**3 - 10*p + 10*p**2 - 2*p. Let k be n(-11). Suppose -44 = -k*v + 8*v. Calculate the remainder when v is divided by 6.
4
Suppose -40 = 53*b - 57*b. Calculate the remainder when 24 is divided by b.
4
Let w(g) = -g**3 + 6*g**2 - 6*g - 4. What is the remainder when 27 is divided by w(4)?
3
Let h be 61 + (-4)/2 + -2. What is the remainder when 5 is divided by h/18 + 1/(-6)?
2
Suppose -3 = -x + 16. Let z = 4173 - 4162. Calculate the remainder when x is divided by z.
8
Suppose -n + 3*k = -36, -4*n = 17*k - 15*k - 116. Calculate the remainder when 688 is divided by n.
28
Let n(o) = -3*o - 20. Let q(j) = -15*j - 99. Let a(